is the units digit of 22182?
2
What is the tens digit of 86546?
4
What is the thousands digit of 105246?
5
What is the hundreds digit of 6366?
3
What is the units digit of 5122?
2
What is the tens digit of 21230?
3
What is the units digit of 5804?
4
What is the hundreds digit of 2019?
0
What is the units digit of 12014?
4
What is the thousands digit of 65684?
5
What is the tens digit of 24026?
2
What is the units digit of 923?
3
What is the tens digit of 46028?
2
What is the hundreds digit of 464?
4
What is the units digit of 4918?
8
What is the tens digit of 24755?
5
What is the tens digit of 5351?
5
What is the tens digit of 597?
9
What is the tens digit of 4770?
7
What is the units digit of 5004?
4
What is the thousands digit of 2247?
2
What is the thousands digit of 40655?
0
What is the tens digit of 689?
8
What is the hundreds digit of 7943?
9
What is the units digit of 8186?
6
What is the hundreds digit of 4507?
5
What is the units digit of 2483?
3
What is the thousands digit of 23306?
3
What is the tens digit of 6347?
4
What is the tens digit of 198?
9
What is the ten thousands digit of 35742?
3
What is the tens digit of 907?
0
What is the thousands digit of 104375?
4
What is the units digit of 3432?
2
What is the ten thousands digit of 97080?
9
What is the tens digit of 65744?
4
What is the tens digit of 1334?
3
What is the hundreds digit of 1398?
3
What is the units digit of 330?
0
What is the hundreds digit of 15453?
4
What is the hundreds digit of 483?
4
What is the ten thousands digit of 47653?
4
What is the ten thousands digit of 41051?
4
What is the tens digit of 442?
4
What is the hundreds digit of 9854?
8
What is the hundreds digit of 26667?
6
What is the ten thousands digit of 119103?
1
What is the tens digit of 1901?
0
What is the hundreds digit of 9667?
6
What is the tens digit of 1284?
8
What is the thousands digit of 3344?
3
What is the tens digit of 6720?
2
What is the tens digit of 16916?
1
What is the thousands digit of 1305?
1
What is the tens digit of 589?
8
What is the hundreds digit of 6131?
1
What is the hundreds digit of 8694?
6
What is the units digit of 126?
6
What is the tens digit of 65400?
0
What is the tens digit of 4202?
0
What is the tens digit of 10249?
4
What is the tens digit of 74624?
2
What is the hundreds digit of 2224?
2
What is the thousands digit of 8770?
8
What is the thousands digit of 5671?
5
What is the thousands digit of 1457?
1
What is the units digit of 124?
4
What is the tens digit of 550?
5
What is the tens digit of 1484?
8
What is the ten thousands digit of 23488?
2
What is the units digit of 2085?
5
What is the thousands digit of 23316?
3
What is the thousands digit of 1472?
1
What is the thousands digit of 11231?
1
What is the units digit of 9146?
6
What is the hundreds digit of 1047?
0
What is the units digit of 24947?
7
What is the thousands digit of 1192?
1
What is the thousands digit of 4301?
4
What is the ten thousands digit of 28728?
2
What is the tens digit of 2564?
6
What is the hundreds digit of 4959?
9
What is the hundred thousands digit of 122281?
1
What is the thousands digit of 1802?
1
What is the ten thousands digit of 11362?
1
What is the thousands digit of 2568?
2
What is the thousands digit of 51609?
1
What is the thousands digit of 13935?
3
What is the thousands digit of 5341?
5
What is the tens digit of 113501?
0
What is the hundreds digit of 6298?
2
What is the thousands digit of 4141?
4
What is the tens digit of 757?
5
What is the tens digit of 443?
4
What is the ten thousands digit of 147832?
4
What is the tens digit of 33009?
0
What is the thousands digit of 2627?
2
What is the units digit of 368?
8
What is the ten thousands digit of 10310?
1
What is the units digit of 31788?
8
What is the thousands digit of 42737?
2
What is the hundreds digit of 1064?
0
What is the units digit of 1970?
0
What is the hundreds digit of 8807?
8
What is the units digit of 2718?
8
What is the tens digit of 20777?
7
What is the tens digit of 231?
3
What is the tens digit of 10276?
7
What is the thousands digit of 22232?
2
What is the units digit of 8676?
6
What is the units digit of 5751?
1
What is the hundreds digit of 2518?
5
What is the tens digit of 47034?
3
What is the units digit of 1934?
4
What is the hundreds digit of 1985?
9
What is the tens digit of 75611?
1
What is the thousands digit of 3909?
3
What is the tens digit of 4838?
3
What is the thousands digit of 22446?
2
What is the hundreds digit of 3224?
2
What is the thousands digit of 14828?
4
What is the hundreds digit of 1016?
0
What is the hundreds digit of 127318?
3
What is the hundreds digit of 226?
2
What is the hundreds digit of 15171?
1
What is the thousands digit of 3265?
3
What is the hundreds digit of 4078?
0
What is the hundreds digit of 79491?
4
What is the units digit of 2003?
3
What is the units digit of 542?
2
What is the tens digit of 895?
9
What is the thousands digit of 6959?
6
What is the tens digit of 10711?
1
What is the tens digit of 101904?
0
What is the tens digit of 3663?
6
What is the thousands digit of 59412?
9
What is the tens digit of 1803?
0
What is the units digit of 834?
4
What is the hundreds digit of 5169?
1
What is the units digit of 703?
3
What is the thousands digit of 1529?
1
What is the units digit of 1488?
8
What is the thousands digit of 41008?
1
What is the tens digit of 1257?
5
What is the tens digit of 489?
8
What is the hundreds digit of 75201?
2
What is the thousands digit of 2036?
2
What is the units digit of 831?
1
What is the hundreds digit of 109465?
4
What is the thousands digit of 2568?
2
What is the hundreds digit of 30688?
6
What is the units digit of 1938?
8
What is the thousands digit of 1443?
1
What is the hundreds digit of 1329?
3
What is the thousands digit of 4837?
4
What is the tens digit of 290?
9
What is the hundreds digit of 4153?
1
What is the hundreds digit of 754?
7
What is the units digit of 18735?
5
What is the hundreds digit of 570?
5
What is the tens digit of 824?
2
What is the hundreds digit of 398?
3
What is the hundreds digit of 378?
3
What is the tens digit of 10195?
9
What is the ten thousands digit of 80727?
8
What is the hundreds digit of 540?
5
What is the units digit of 1249?
9
What is the ten thousands digit of 11433?
1
What is the tens digit of 1412?
1
What is the tens digit of 3057?
5
What is the hundreds digit of 189?
1
What is the tens digit of 655?
5
What is the hundreds digit of 13183?
1
What is the thousands digit of 9182?
9
What is the thousands digit of 1108?
1
What is the thousands digit of 53614?
3
What is the thousands digit of 10483?
0
What is the ten thousands digit of 25084?
2
What is the tens digit of 8036?
3
What is the thousands digit of 13937?
3
What is the hundreds digit of 2706?
7
What is the thousands digit of 9187?
9
What is the units digit of 63796?
6
What is the ten thousands digit of 59208?
5
What is the hundreds digit of 1638?
6
What is the thousands digit of 9091?
9
What is the units digit of 3519?
9
What is the units digit of 9513?
3
What is the units digit of 17641?
1
What is the tens digit of 988?
8
What is the ten thousands digit of 67136?
6
What is the thousands digit of 3116?
3
What is the hundreds digit of 37370?
3
What is the units digit of 127?
7
What is the hundreds digit of 19058?
0
What is the hundreds digit of 1275?
2
What is the units digit of 1738?
8
What is the units digit of 1084?
4
What is the hundreds digit of 21651?
6
What is the thousands digit of 4258?
4
What is the hundreds digit of 2531?
5
What is the units digit of 22779?
9
What is the tens digit of 2276?
7
What is the hundreds digit of 800?
8
What is the thousands digit of 34497?
4
What is the tens digit of 2270?
7
What is the thousands digit of 40659?
0
What is the tens digit of 3770?
7
What is the tens digit of 19163?
6
What is the tens digit of 77668?
6
What is the units digit of 2484?
4
What is the tens digit of 53052?
5
What is the units digit of 15658?
8
What is the hundreds digit of 3037?
0
What is the units digit of 610?
0
What is the tens digit of 2548?
4
What is the tens digit of 11399?
9
What is the units digit of 9289?
9
What is the units digit of 33418?
8
What is the thousands digit of 28425?
8
What is the thousands digit